{"id":1222,"date":"2025-01-28T15:48:47","date_gmt":"2025-01-28T14:48:47","guid":{"rendered":"https:\/\/www.hydronome.fr\/?page_id=1222"},"modified":"2025-06-28T16:47:58","modified_gmt":"2025-06-28T14:47:58","slug":"a-propos","status":"publish","type":"page","link":"https:\/\/www.hydronome.fr\/index.php\/a-propos\/","title":{"rendered":"\u00c0 Propos"},"content":{"rendered":"\t\t<div data-elementor-type=\"wp-page\" data-elementor-id=\"1222\" class=\"elementor elementor-1222\">\n\t\t\t\t<div class=\"elementor-element elementor-element-61d7538 e-con-full e-flex wpr-particle-no wpr-jarallax-no wpr-parallax-no wpr-sticky-section-no wpr-equal-height-no e-con e-parent\" data-id=\"61d7538\" data-element_type=\"container\" data-e-type=\"container\" data-settings=\"{&quot;background_background&quot;:&quot;classic&quot;}\">\n\t\t\t\t<div class=\"elementor-element elementor-element-50352c4 elementor-widget elementor-widget-heading\" data-id=\"50352c4\" data-element_type=\"widget\" data-e-type=\"widget\" data-widget_type=\"heading.default\">\n\t\t\t\t<div class=\"elementor-widget-container\">\n\t\t\t\t\t<h2 class=\"elementor-heading-title elementor-size-default\">\u00c0 propos...<\/h2>\t\t\t\t<\/div>\n\t\t\t\t<\/div>\n\t\t\t\t<\/div>\n\t\t<div class=\"elementor-element elementor-element-387f2c0 e-flex e-con-boxed wpr-particle-no wpr-jarallax-no wpr-parallax-no wpr-sticky-section-no wpr-equal-height-no e-con e-parent\" data-id=\"387f2c0\" data-element_type=\"container\" data-e-type=\"container\">\n\t\t\t\t\t<div class=\"e-con-inner\">\n\t\t\t\t<div class=\"elementor-element elementor-element-ef378be elementor-widget elementor-widget-text-editor\" data-id=\"ef378be\" data-element_type=\"widget\" data-e-type=\"widget\" data-widget_type=\"text-editor.default\">\n\t\t\t\t<div class=\"elementor-widget-container\">\n\t\t\t\t\t\t\t\t\t<p>Solutions pour l\u2019autonomie \u00e9lectrique<\/p>\t\t\t\t\t\t\t\t<\/div>\n\t\t\t\t<\/div>\n\t\t\t\t\t<\/div>\n\t\t\t\t<\/div>\n\t\t<div class=\"elementor-element elementor-element-f99b6d2 e-con-full e-flex wpr-particle-no wpr-jarallax-no wpr-parallax-no wpr-sticky-section-no wpr-equal-height-no e-con e-parent\" data-id=\"f99b6d2\" data-element_type=\"container\" data-e-type=\"container\">\n\t\t<div class=\"elementor-element elementor-element-dbee62b e-con-full e-flex wpr-particle-no wpr-jarallax-no wpr-parallax-no wpr-sticky-section-no wpr-equal-height-no e-con e-child\" data-id=\"dbee62b\" data-element_type=\"container\" data-e-type=\"container\">\n\t\t\t\t<div class=\"elementor-element elementor-element-9743f2f elementor-widget elementor-widget-text-editor\" data-id=\"9743f2f\" data-element_type=\"widget\" data-e-type=\"widget\" data-widget_type=\"text-editor.default\">\n\t\t\t\t<div class=\"elementor-widget-container\">\n\t\t\t\t\t\t\t\t\t<p>Je suis concepteur de micro turbines hydro-\u00e9lectriques \u00e0 usage domestique dans les Pyr\u00e9n\u00e9es ari\u00e9geoises. Je me consacre aux \u00e9nergies renouvelables et principalement \u00e0 l&rsquo;autonomie \u00e9lectrique depuis 2016 et je d\u00e9veloppe des solutions innovantes dans ce but.<\/p><p>L&rsquo;ind\u00e9pendance \u00e9nerg\u00e9tique est devenue un enjeu crucial, c&rsquo;est pourquoi j&rsquo;ai cr\u00e9\u00e9 HYDRONOME. Je fabrique des turbines fiables, durables, avec un rendement \u00e9lev\u00e9. Mes machines sont sp\u00e9cialement con\u00e7ues pour exploiter le maximum d&rsquo;\u00e9nergie, m\u00eame \u00e0 partir des plus petits potentiels de chute d&rsquo;eau.<\/p><p>Les syst\u00e8mes hors r\u00e9seau et l&rsquo;autoproduction d&rsquo;\u00e9lectricit\u00e9 sont des solutions qui favorisent la r\u00e9silience qu&rsquo;elle soit individuelle ou collective. Je suis convaincu que la cl\u00e9 de notre futur r\u00e9side dans notre capacit\u00e9 \u00e0 devenir ind\u00e9pendant.<\/p><p>Je fournis des conseils et une assistance dans le calcul et le dimensionnement d&rsquo;installations de turbines, n&rsquo;h\u00e9sitez pas \u00e0 me contacter afin de trouver ensemble la meilleure solution pour votre projet.<\/p>\t\t\t\t\t\t\t\t<\/div>\n\t\t\t\t<\/div>\n\t\t\t\t<\/div>\n\t\t<div class=\"elementor-element elementor-element-70a5a31 e-con-full e-flex wpr-particle-no wpr-jarallax-no wpr-parallax-no wpr-sticky-section-no wpr-equal-height-no e-con e-child\" data-id=\"70a5a31\" data-element_type=\"container\" data-e-type=\"container\">\n\t\t\t\t<\/div>\n\t\t<div class=\"elementor-element elementor-element-4067b1a e-con-full e-flex wpr-particle-no wpr-jarallax-no wpr-parallax-no wpr-sticky-section-no wpr-equal-height-no e-con e-child\" data-id=\"4067b1a\" data-element_type=\"container\" data-e-type=\"container\">\n\t\t\t\t<div class=\"elementor-element elementor-element-037776e elementor-widget elementor-widget-image\" data-id=\"037776e\" data-element_type=\"widget\" data-e-type=\"widget\" data-widget_type=\"image.default\">\n\t\t\t\t<div class=\"elementor-widget-container\">\n\t\t\t\t\t\t\t\t\t\t\t\t\t\t\t<img fetchpriority=\"high\" decoding=\"async\" width=\"915\" height=\"1024\" src=\"https:\/\/www.hydronome.fr\/wp-content\/uploads\/2025\/02\/apropos-915x1024.jpg\" class=\"attachment-large size-large wp-image-1543\" alt=\"\" srcset=\"https:\/\/www.hydronome.fr\/wp-content\/uploads\/2025\/02\/apropos-915x1024.jpg 915w, https:\/\/www.hydronome.fr\/wp-content\/uploads\/2025\/02\/apropos-268x300.jpg 268w, https:\/\/www.hydronome.fr\/wp-content\/uploads\/2025\/02\/apropos-768x860.jpg 768w, https:\/\/www.hydronome.fr\/wp-content\/uploads\/2025\/02\/apropos-1372x1536.jpg 1372w, https:\/\/www.hydronome.fr\/wp-content\/uploads\/2025\/02\/apropos-1830x2048.jpg 1830w, https:\/\/www.hydronome.fr\/wp-content\/uploads\/2025\/02\/apropos.jpg 2048w\" sizes=\"(max-width: 915px) 100vw, 915px\" \/>\t\t\t\t\t\t\t\t\t\t\t\t\t\t\t<\/div>\n\t\t\t\t<\/div>\n\t\t\t\t<\/div>\n\t\t\t\t<\/div>\n\t\t<div class=\"elementor-element elementor-element-c52fcad e-con-full e-flex wpr-particle-no wpr-jarallax-no wpr-parallax-no wpr-sticky-section-no wpr-equal-height-no e-con e-parent\" data-id=\"c52fcad\" data-element_type=\"container\" data-e-type=\"container\" data-settings=\"{&quot;background_background&quot;:&quot;gradient&quot;}\">\n\t\t\t\t<\/div>\n\t\t\t\t<\/div>\n\t\t","protected":false},"excerpt":{"rendered":"<p>\u00c0 propos&#8230; Solutions pour l\u2019autonomie \u00e9lectrique Je suis concepteur de micro turbines hydro-\u00e9lectriques \u00e0 usage domestique dans les Pyr\u00e9n\u00e9es ari\u00e9geoises. Je me consacre aux \u00e9nergies renouvelables et principalement \u00e0 l&rsquo;autonomie \u00e9lectrique depuis 2016 et je d\u00e9veloppe des solutions innovantes dans ce but. L&rsquo;ind\u00e9pendance \u00e9nerg\u00e9tique est devenue un enjeu crucial, c&rsquo;est pourquoi j&rsquo;ai cr\u00e9\u00e9 HYDRONOME. Je fabrique des turbines fiables, durables, avec un rendement \u00e9lev\u00e9. Mes machines sont sp\u00e9cialement con\u00e7ues pour exploiter le maximum d&rsquo;\u00e9nergie, m\u00eame \u00e0 partir des plus petits potentiels de chute d&rsquo;eau. Les syst\u00e8mes hors r\u00e9seau et l&rsquo;autoproduction d&rsquo;\u00e9lectricit\u00e9 sont des solutions qui favorisent la r\u00e9silience qu&rsquo;elle soit individuelle ou collective. Je suis convaincu que la cl\u00e9 de notre futur r\u00e9side dans notre capacit\u00e9 \u00e0 devenir ind\u00e9pendant. Je fournis des conseils et une assistance dans le calcul et le dimensionnement d&rsquo;installations de turbines, n&rsquo;h\u00e9sitez pas \u00e0 me contacter afin de trouver ensemble la meilleure solution pour votre projet.<\/p>\n","protected":false},"author":1,"featured_media":1679,"parent":0,"menu_order":0,"comment_status":"closed","ping_status":"closed","template":"elementor_header_footer","meta":{"ocean_post_layout":"","ocean_both_sidebars_style":"","ocean_both_sidebars_content_width":0,"ocean_both_sidebars_sidebars_width":0,"ocean_sidebar":"","ocean_second_sidebar":"","ocean_disable_margins":"enable","ocean_add_body_class":"","ocean_shortcode_before_top_bar":"","ocean_shortcode_after_top_bar":"","ocean_shortcode_before_header":"","ocean_shortcode_after_header":"","ocean_has_shortcode":"","ocean_shortcode_after_title":"","ocean_shortcode_before_footer_widgets":"","ocean_shortcode_after_footer_widgets":"","ocean_shortcode_before_footer_bottom":"","ocean_shortcode_after_footer_bottom":"","ocean_display_top_bar":"default","ocean_display_header":"default","ocean_header_style":"","ocean_center_header_left_menu":"","ocean_custom_header_template":"","ocean_custom_logo":0,"ocean_custom_retina_logo":0,"ocean_custom_logo_max_width":0,"ocean_custom_logo_tablet_max_width":0,"ocean_custom_logo_mobile_max_width":0,"ocean_custom_logo_max_height":0,"ocean_custom_logo_tablet_max_height":0,"ocean_custom_logo_mobile_max_height":0,"ocean_header_custom_menu":"","ocean_menu_typo_font_family":"","ocean_menu_typo_font_subset":"","ocean_menu_typo_font_size":0,"ocean_menu_typo_font_size_tablet":0,"ocean_menu_typo_font_size_mobile":0,"ocean_menu_typo_font_size_unit":"px","ocean_menu_typo_font_weight":"","ocean_menu_typo_font_weight_tablet":"","ocean_menu_typo_font_weight_mobile":"","ocean_menu_typo_transform":"","ocean_menu_typo_transform_tablet":"","ocean_menu_typo_transform_mobile":"","ocean_menu_typo_line_height":0,"ocean_menu_typo_line_height_tablet":0,"ocean_menu_typo_line_height_mobile":0,"ocean_menu_typo_line_height_unit":"","ocean_menu_typo_spacing":0,"ocean_menu_typo_spacing_tablet":0,"ocean_menu_typo_spacing_mobile":0,"ocean_menu_typo_spacing_unit":"","ocean_menu_link_color":"","ocean_menu_link_color_hover":"","ocean_menu_link_color_active":"","ocean_menu_link_background":"","ocean_menu_link_hover_background":"","ocean_menu_link_active_background":"","ocean_menu_social_links_bg":"","ocean_menu_social_hover_links_bg":"","ocean_menu_social_links_color":"","ocean_menu_social_hover_links_color":"","ocean_disable_title":"default","ocean_disable_heading":"default","ocean_post_title":"","ocean_post_subheading":"","ocean_post_title_style":"","ocean_post_title_background_color":"","ocean_post_title_background":0,"ocean_post_title_bg_image_position":"","ocean_post_title_bg_image_attachment":"","ocean_post_title_bg_image_repeat":"","ocean_post_title_bg_image_size":"","ocean_post_title_height":0,"ocean_post_title_bg_overlay":0.5,"ocean_post_title_bg_overlay_color":"","ocean_disable_breadcrumbs":"default","ocean_breadcrumbs_color":"","ocean_breadcrumbs_separator_color":"","ocean_breadcrumbs_links_color":"","ocean_breadcrumbs_links_hover_color":"","ocean_display_footer_widgets":"default","ocean_display_footer_bottom":"default","ocean_custom_footer_template":"","footnotes":""},"class_list":["post-1222","page","type-page","status-publish","has-post-thumbnail","hentry","entry","has-media"],"yoast_head":"<!-- This site is optimized with the Yoast SEO plugin v27.4 - https:\/\/yoast.com\/product\/yoast-seo-wordpress\/ -->\n<title>Hydronome - Devenez autonome en \u00e9lectricit\u00e9<\/title>\n<meta name=\"description\" content=\"Hydronome vous aide \u00e0 produire de l&#039;\u00e9lectricit\u00e9 avec un cours d&#039;eau. Vente et conseils dans l\u2019installation de turbines hydro\u00e9lectriques.\" \/>\n<meta name=\"robots\" content=\"index, follow, max-snippet:-1, max-image-preview:large, max-video-preview:-1\" \/>\n<link rel=\"canonical\" href=\"https:\/\/www.hydronome.fr\/index.php\/a-propos\/\" \/>\n<meta property=\"og:locale\" content=\"fr_FR\" \/>\n<meta property=\"og:type\" content=\"article\" \/>\n<meta property=\"og:title\" content=\"Hydronome - Devenez autonome en \u00e9lectricit\u00e9\" \/>\n<meta property=\"og:description\" content=\"Hydronome vous aide \u00e0 produire de l&#039;\u00e9lectricit\u00e9 avec un cours d&#039;eau. Vente et conseils dans l\u2019installation de turbines hydro\u00e9lectriques.\" \/>\n<meta property=\"og:url\" content=\"https:\/\/www.hydronome.fr\/index.php\/a-propos\/\" \/>\n<meta property=\"og:site_name\" content=\"Hydronome\" \/>\n<meta property=\"article:publisher\" content=\"https:\/\/www.facebook.com\/profile.php?id=61572638705200\" \/>\n<meta property=\"article:modified_time\" content=\"2025-06-28T14:47:58+00:00\" \/>\n<meta property=\"og:image\" content=\"https:\/\/www.hydronome.fr\/wp-content\/uploads\/2025\/02\/hydronome-photo-en-avant.jpg\" \/>\n\t<meta property=\"og:image:width\" content=\"1855\" \/>\n\t<meta property=\"og:image:height\" content=\"1271\" \/>\n\t<meta property=\"og:image:type\" content=\"image\/jpeg\" \/>\n<meta name=\"twitter:card\" content=\"summary_large_image\" \/>\n<meta name=\"twitter:label1\" content=\"Dur\u00e9e de lecture estim\u00e9e\" \/>\n\t<meta name=\"twitter:data1\" content=\"2 minutes\" \/>\n<script type=\"application\/ld+json\" class=\"yoast-schema-graph\">{\"@context\":\"https:\\\/\\\/schema.org\",\"@graph\":[{\"@type\":\"WebPage\",\"@id\":\"https:\\\/\\\/www.hydronome.fr\\\/index.php\\\/a-propos\\\/\",\"url\":\"https:\\\/\\\/www.hydronome.fr\\\/index.php\\\/a-propos\\\/\",\"name\":\"Hydronome - Devenez autonome en \u00e9lectricit\u00e9\",\"isPartOf\":{\"@id\":\"https:\\\/\\\/www.hydronome.fr\\\/#website\"},\"primaryImageOfPage\":{\"@id\":\"https:\\\/\\\/www.hydronome.fr\\\/index.php\\\/a-propos\\\/#primaryimage\"},\"image\":{\"@id\":\"https:\\\/\\\/www.hydronome.fr\\\/index.php\\\/a-propos\\\/#primaryimage\"},\"thumbnailUrl\":\"https:\\\/\\\/www.hydronome.fr\\\/wp-content\\\/uploads\\\/2025\\\/02\\\/hydronome-photo-en-avant.jpg\",\"datePublished\":\"2025-01-28T14:48:47+00:00\",\"dateModified\":\"2025-06-28T14:47:58+00:00\",\"description\":\"Hydronome vous aide \u00e0 produire de l'\u00e9lectricit\u00e9 avec un cours d'eau. Vente et conseils dans l\u2019installation de turbines hydro\u00e9lectriques.\",\"breadcrumb\":{\"@id\":\"https:\\\/\\\/www.hydronome.fr\\\/index.php\\\/a-propos\\\/#breadcrumb\"},\"inLanguage\":\"fr-FR\",\"potentialAction\":[{\"@type\":\"ReadAction\",\"target\":[\"https:\\\/\\\/www.hydronome.fr\\\/index.php\\\/a-propos\\\/\"]}]},{\"@type\":\"ImageObject\",\"inLanguage\":\"fr-FR\",\"@id\":\"https:\\\/\\\/www.hydronome.fr\\\/index.php\\\/a-propos\\\/#primaryimage\",\"url\":\"https:\\\/\\\/www.hydronome.fr\\\/wp-content\\\/uploads\\\/2025\\\/02\\\/hydronome-photo-en-avant.jpg\",\"contentUrl\":\"https:\\\/\\\/www.hydronome.fr\\\/wp-content\\\/uploads\\\/2025\\\/02\\\/hydronome-photo-en-avant.jpg\",\"width\":1855,\"height\":1271},{\"@type\":\"BreadcrumbList\",\"@id\":\"https:\\\/\\\/www.hydronome.fr\\\/index.php\\\/a-propos\\\/#breadcrumb\",\"itemListElement\":[{\"@type\":\"ListItem\",\"position\":1,\"name\":\"Accueil\",\"item\":\"https:\\\/\\\/www.hydronome.fr\\\/\"},{\"@type\":\"ListItem\",\"position\":2,\"name\":\"\u00c0 Propos\"}]},{\"@type\":\"WebSite\",\"@id\":\"https:\\\/\\\/www.hydronome.fr\\\/#website\",\"url\":\"https:\\\/\\\/www.hydronome.fr\\\/\",\"name\":\"Hydronome\",\"description\":\"L&#039;\u00e9nergie de l&#039;eau\",\"publisher\":{\"@id\":\"https:\\\/\\\/www.hydronome.fr\\\/#organization\"},\"potentialAction\":[{\"@type\":\"SearchAction\",\"target\":{\"@type\":\"EntryPoint\",\"urlTemplate\":\"https:\\\/\\\/www.hydronome.fr\\\/?s={search_term_string}\"},\"query-input\":{\"@type\":\"PropertyValueSpecification\",\"valueRequired\":true,\"valueName\":\"search_term_string\"}}],\"inLanguage\":\"fr-FR\"},{\"@type\":\"Organization\",\"@id\":\"https:\\\/\\\/www.hydronome.fr\\\/#organization\",\"name\":\"Hydronome\",\"url\":\"https:\\\/\\\/www.hydronome.fr\\\/\",\"logo\":{\"@type\":\"ImageObject\",\"inLanguage\":\"fr-FR\",\"@id\":\"https:\\\/\\\/www.hydronome.fr\\\/#\\\/schema\\\/logo\\\/image\\\/\",\"url\":\"https:\\\/\\\/www.hydronome.fr\\\/wp-content\\\/uploads\\\/2025\\\/02\\\/hydronome.jpg\",\"contentUrl\":\"https:\\\/\\\/www.hydronome.fr\\\/wp-content\\\/uploads\\\/2025\\\/02\\\/hydronome.jpg\",\"width\":1200,\"height\":900,\"caption\":\"Hydronome\"},\"image\":{\"@id\":\"https:\\\/\\\/www.hydronome.fr\\\/#\\\/schema\\\/logo\\\/image\\\/\"},\"sameAs\":[\"https:\\\/\\\/www.facebook.com\\\/profile.php?id=61572638705200\"]}]}<\/script>\n<!-- \/ Yoast SEO plugin. -->","yoast_head_json":{"title":"Hydronome - Devenez autonome en \u00e9lectricit\u00e9","description":"Hydronome vous aide \u00e0 produire de l'\u00e9lectricit\u00e9 avec un cours d'eau. Vente et conseils dans l\u2019installation de turbines hydro\u00e9lectriques.","robots":{"index":"index","follow":"follow","max-snippet":"max-snippet:-1","max-image-preview":"max-image-preview:large","max-video-preview":"max-video-preview:-1"},"canonical":"https:\/\/www.hydronome.fr\/index.php\/a-propos\/","og_locale":"fr_FR","og_type":"article","og_title":"Hydronome - Devenez autonome en \u00e9lectricit\u00e9","og_description":"Hydronome vous aide \u00e0 produire de l'\u00e9lectricit\u00e9 avec un cours d'eau. Vente et conseils dans l\u2019installation de turbines hydro\u00e9lectriques.","og_url":"https:\/\/www.hydronome.fr\/index.php\/a-propos\/","og_site_name":"Hydronome","article_publisher":"https:\/\/www.facebook.com\/profile.php?id=61572638705200","article_modified_time":"2025-06-28T14:47:58+00:00","og_image":[{"width":1855,"height":1271,"url":"https:\/\/www.hydronome.fr\/wp-content\/uploads\/2025\/02\/hydronome-photo-en-avant.jpg","type":"image\/jpeg"}],"twitter_card":"summary_large_image","twitter_misc":{"Dur\u00e9e de lecture estim\u00e9e":"2 minutes"},"schema":{"@context":"https:\/\/schema.org","@graph":[{"@type":"WebPage","@id":"https:\/\/www.hydronome.fr\/index.php\/a-propos\/","url":"https:\/\/www.hydronome.fr\/index.php\/a-propos\/","name":"Hydronome - Devenez autonome en \u00e9lectricit\u00e9","isPartOf":{"@id":"https:\/\/www.hydronome.fr\/#website"},"primaryImageOfPage":{"@id":"https:\/\/www.hydronome.fr\/index.php\/a-propos\/#primaryimage"},"image":{"@id":"https:\/\/www.hydronome.fr\/index.php\/a-propos\/#primaryimage"},"thumbnailUrl":"https:\/\/www.hydronome.fr\/wp-content\/uploads\/2025\/02\/hydronome-photo-en-avant.jpg","datePublished":"2025-01-28T14:48:47+00:00","dateModified":"2025-06-28T14:47:58+00:00","description":"Hydronome vous aide \u00e0 produire de l'\u00e9lectricit\u00e9 avec un cours d'eau. Vente et conseils dans l\u2019installation de turbines hydro\u00e9lectriques.","breadcrumb":{"@id":"https:\/\/www.hydronome.fr\/index.php\/a-propos\/#breadcrumb"},"inLanguage":"fr-FR","potentialAction":[{"@type":"ReadAction","target":["https:\/\/www.hydronome.fr\/index.php\/a-propos\/"]}]},{"@type":"ImageObject","inLanguage":"fr-FR","@id":"https:\/\/www.hydronome.fr\/index.php\/a-propos\/#primaryimage","url":"https:\/\/www.hydronome.fr\/wp-content\/uploads\/2025\/02\/hydronome-photo-en-avant.jpg","contentUrl":"https:\/\/www.hydronome.fr\/wp-content\/uploads\/2025\/02\/hydronome-photo-en-avant.jpg","width":1855,"height":1271},{"@type":"BreadcrumbList","@id":"https:\/\/www.hydronome.fr\/index.php\/a-propos\/#breadcrumb","itemListElement":[{"@type":"ListItem","position":1,"name":"Accueil","item":"https:\/\/www.hydronome.fr\/"},{"@type":"ListItem","position":2,"name":"\u00c0 Propos"}]},{"@type":"WebSite","@id":"https:\/\/www.hydronome.fr\/#website","url":"https:\/\/www.hydronome.fr\/","name":"Hydronome","description":"L&#039;\u00e9nergie de l&#039;eau","publisher":{"@id":"https:\/\/www.hydronome.fr\/#organization"},"potentialAction":[{"@type":"SearchAction","target":{"@type":"EntryPoint","urlTemplate":"https:\/\/www.hydronome.fr\/?s={search_term_string}"},"query-input":{"@type":"PropertyValueSpecification","valueRequired":true,"valueName":"search_term_string"}}],"inLanguage":"fr-FR"},{"@type":"Organization","@id":"https:\/\/www.hydronome.fr\/#organization","name":"Hydronome","url":"https:\/\/www.hydronome.fr\/","logo":{"@type":"ImageObject","inLanguage":"fr-FR","@id":"https:\/\/www.hydronome.fr\/#\/schema\/logo\/image\/","url":"https:\/\/www.hydronome.fr\/wp-content\/uploads\/2025\/02\/hydronome.jpg","contentUrl":"https:\/\/www.hydronome.fr\/wp-content\/uploads\/2025\/02\/hydronome.jpg","width":1200,"height":900,"caption":"Hydronome"},"image":{"@id":"https:\/\/www.hydronome.fr\/#\/schema\/logo\/image\/"},"sameAs":["https:\/\/www.facebook.com\/profile.php?id=61572638705200"]}]}},"_links":{"self":[{"href":"https:\/\/www.hydronome.fr\/index.php\/wp-json\/wp\/v2\/pages\/1222","targetHints":{"allow":["GET"]}}],"collection":[{"href":"https:\/\/www.hydronome.fr\/index.php\/wp-json\/wp\/v2\/pages"}],"about":[{"href":"https:\/\/www.hydronome.fr\/index.php\/wp-json\/wp\/v2\/types\/page"}],"author":[{"embeddable":true,"href":"https:\/\/www.hydronome.fr\/index.php\/wp-json\/wp\/v2\/users\/1"}],"replies":[{"embeddable":true,"href":"https:\/\/www.hydronome.fr\/index.php\/wp-json\/wp\/v2\/comments?post=1222"}],"version-history":[{"count":65,"href":"https:\/\/www.hydronome.fr\/index.php\/wp-json\/wp\/v2\/pages\/1222\/revisions"}],"predecessor-version":[{"id":1915,"href":"https:\/\/www.hydronome.fr\/index.php\/wp-json\/wp\/v2\/pages\/1222\/revisions\/1915"}],"wp:featuredmedia":[{"embeddable":true,"href":"https:\/\/www.hydronome.fr\/index.php\/wp-json\/wp\/v2\/media\/1679"}],"wp:attachment":[{"href":"https:\/\/www.hydronome.fr\/index.php\/wp-json\/wp\/v2\/media?parent=1222"}],"curies":[{"name":"wp","href":"https:\/\/api.w.org\/{rel}","templated":true}]}}